3108?
False
Is 73 a multiple of 18?
False
Is 22412 a multiple of 12?
False
Does 93 divide 5115?
True
Is 17 a factor of 629?
True
Is 687 a multiple of 2?
False
Is 744 a multiple of 31?
True
Does 13 divide 1421?
False
Does 9 divide 625?
False
Does 22 divide 835?
False
Does 15 divide 1581?
False
Is 54 a factor of 2265?
False
Is 2 a factor of 6726?
True
Is 8 a factor of 600?
True
Is 14302 a multiple of 141?
False
Is 1153 a multiple of 9?
False
Is 219 a multiple of 3?
True
Does 30 divide 21330?
True
Does 12 divide 129?
False
Is 13 a factor of 4199?
True
Is 7740 a multiple of 258?
True
Does 36 divide 167?
False
Is 24458 a multiple of 127?
False
Is 14 a factor of 5866?
True
Does 17 divide 418?
False
Does 24 divide 1539?
False
Is 2441 a multiple of 27?
False
Does 62 divide 580?
False
Is 10 a factor of 527?
False
Is 492 a multiple of 6?
True
Is 10 a factor of 2608?
False
Is 2755 a multiple of 29?
True
Does 29 divide 24331?
True
Is 26 a factor of 8771?
False
Is 10 a factor of 288?
False
Does 141 divide 1861?
False
Is 921 a multiple of 31?
False
Is 461 a multiple of 32?
False
Is 15070 a multiple of 80?
False
Is 35 a multiple of 5?
True
Does 4 divide 1952?
True
Is 45 a factor of 5400?
True
Does 42 divide 2462?
False
Is 22 a factor of 14014?
True
Is 2345 a multiple of 67?
True
Does 46 divide 1288?
True
Does 59 divide 3481?
True
Is 4 a factor of 5812?
True
Does 179 divide 134540?
False
Is 736 a multiple of 46?
True
Is 16 a factor of 4529?
False
Is 4146 a multiple of 6?
True
Is 25 a multiple of 2?
False
Does 37 divide 444?
True
Is 1505 a multiple of 22?
False
Is 1521 a multiple of 13?
True
Is 48 a factor of 4608?
True
Is 58 a factor of 851?
False
Does 15 divide 8700?
True
Is 6 a factor of 327?
False
Does 35 divide 809?
False
Does 100 divide 9827?
False
Is 85 a factor of 351?
False
Is 89 a factor of 3417?
False
Does 60 divide 540?
True
Is 78 a factor of 3149?
False
Is 25 a factor of 799?
False
Does 17 divide 1105?
True
Is 27 a factor of 33021?
True
Is 106 a factor of 6892?
False
Is 14 a factor of 42602?
True
Is 13 a factor of 52163?
False
Is 41272 a multiple of 77?
True
Is 6957 a multiple of 80?
False
Does 79 divide 26228?
True
Is 4340 a multiple of 124?
True
Is 94 a multiple of 3?
False
Is 3383 a multiple of 28?
False
Does 5 divide 116?
False
Is 11 a factor of 14137?
False
Is 85 a factor of 40375?
True
Does 139 divide 17236?
True
Is 11109 a multiple of 69?
True
Is 5 a factor of 107?
False
Is 169 a factor of 6523?
False
Is 14179 a multiple of 85?
False
Is 38 a factor of 19322?
False
Is 33 a factor of 3993?
True
Is 50 a factor of 250?
True
Does 11 divide 407?
True
Is 2391 a multiple of 7?
False
Is 96 a factor of 1632?
True
Does 72 divide 72?
True
Does 8 divide 14064?
True
Is 14550 a multiple of 30?
True
Is 20 a factor of 100?
True
Is 273 a multiple of 7?
True
Is 50 a multiple of 50?
True
Does 3 divide 6026?
False
Is 11 a factor of 1001?
True
Is 7320 a multiple of 24?
True
Is 16 a factor of 688?
True
Does 95 divide 1116?
False
Does 40 divide 29640?
True
Does 125 divide 62499?
False
Is 10101 a multiple of 91?
True
Does 8 divide 3381?
False
Is 2 a factor of 464?
True
Does 68 divide 2043?
False
Is 17 a factor of 578?
True
Does 14 divide 19740?
True
Is 32528 a multiple of 152?
True
Is 108 a factor of 35532?
True
Is 6 a factor of 9810?
True
Does 4 divide 6238?
False
Is 14 a factor of 53771?
False
Is 23 a factor of 4079?
False
Is 16548 a multiple of 7?
True
Is 26 a factor of 988?
True
Is 5253 a multiple of 20?
False
Is 2 a factor of 230?
True
Does 7 divide 3077?
False
Is 673 a multiple of 6?
False
Is 21 a factor of 1540?
False
Does 15 divide 1170?
True
Is 10 a factor of 1861?
False
Is 1180 a multiple of 20?
True
Is 15780 a multiple of 6?
True
Is 82110 a multiple of 238?
True
Is 155 a factor of 1338?
False
Does 43 divide 1935?
True
Does 20 divide 42760?
True
Is 1679 a multiple of 23?
True
Does 18 divide 2994?
False
Is 56 a factor of 11136?
False
Does 21 divide 26069?
False
Does 2 divide 122?
True
Is 545 a multiple of 5?
True
Does 7 divide 1491?
True
Is 2202 a multiple of 31?
False
Does 37 divide 444?
True
Is 706 a multiple of 7?
False
Is 33 a factor of 32774?
False
Is 36 a factor of 412?
False
Is 8 a factor of 280?
True
Is 141 a factor of 7933?
False
Does 23 divide 25?
False
Does 6 divide 1290?
True
Is 40964 a multiple of 44?
True
Is 19 a factor of 13822?
False
Does 11 divide 7545?
False
Does 18 divide 1131?
False
Does 6 divide 211?
False
Is 2121 a multiple of 21?
True
Is 58 a factor of 580?
True
Is 2794 a multiple of 11?
True
Is 5 a factor of 10175?
True
Does 8 divide 831?
False
Is 6785 a multiple of 10?
False
Is 9 a factor of 432?
True
Does 33 divide 231?
True
Does 29 divide 8352?
True
Is 374 a factor of 93500?
True
Is 19400 a multiple of 97?
True
Does 14 divide 2002?
True
Does 11 divide 154?
True
Does 2 divide 6?
True
Is 21799 a multiple of 24?
False
Does 53 divide 1270?
False
Is 54800 a multiple of 40?
True
Does 27 divide 70?
False
Is 2666 a multiple of 119?
False
Does 196 divide 21168?
True
Does 79 divide 1977?
False
Is 8 a factor of 240?
True
Is 136 a multiple of 8?
True
Is 30 a factor of 5670?
True
Does 29 divide 53592?
True
Is 53 a factor of 5459?
True
Is 8 a factor of 365?
False
Is 13 a factor of 31187?
True
Is 154872 a multiple of 18?
True
Is 241 a factor of 22043?
False
Is 1350 a multiple of 15?
True
Is 384 a multiple of 4?
True
Does 26 divide 618?
False
Is 81 a factor of 127251?
True
Is 2940 a multiple of 98?
True
Is 8 a factor of 80857?
False
Is 26 a factor of 416?
True
Is 14874 a multiple of 111?
True
Is 6080 a multiple of 76?
True
Does 33 divide 1815?
True
Does 138 divide 12696?
True
Is 58 a factor of 1410?
False
Is 92 a factor of 2309?
False
Is 31 a factor of 62341?
True
Is 99 a factor of 5261?
False
Does 9 divide 54?
True
Does 12 divide 5256?
True
Does 46 divide 2404?
False
Is 12 a factor of 1547?
False
Is 7 a factor of 1166?
False
Is 65 a factor of 2730?
True
Does 30 divide 14273?
False
Is 14 a factor of 378?
True
Is 37 a factor of 2294?
True
Is 11900 a multiple of 35?
True
Is 12036 a multiple of 118?
True
Is 8954 a multiple of 140?
False
Does 19 divide 823?
False
Does 3 divide 12?
True
Is 1216 a multiple of 19?
True
Does 2 divide 5054?
True
Does 25 divide 2665?
False
Is 36 a factor of 35878?
False
Does 62 divide 9013?
False
Is 783 a multiple of 10?
False
Is 13286 a multiple of 7?
True
Is 125 a multiple of 25?
True
Is 137 a factor of 17810?
True
Is 17 a factor of 2981?
False
Is 22 a factor of 880?
True
Is 2144 a multiple of 34?
False
Does 9 divide 441?
True
Is 2860 a multiple of 52?
True
Does 103 divide 20642?
False
Is 22 a factor of 360?
False
Does 3 divide 915?
True
Is 113 even?
False
Is 66418 a multiple of 357?
False
Is 2 a factor of 576?
True
Is 13 a factor of 274?
False
Is 87 a factor of 9153?
False
Is 47 a factor of 940?
True
Is 15 a factor of 3843?
False
Is 25673 a multiple of 47?
False
Is 39 a factor of 5811?
True
Does 16 divide 1264?
True
Is 65 a factor of 1495?
True
Is 15 a multiple of 11?
False
Is 28 a factor of 60?
False
Is 103 a factor of 824?
True
Is 936 a multiple of 9?
True
Does 4 divide 4749?
False
Is 36136 a multiple of 26?
False
Is 955 a multiple of 24?
False
Is 349 a multiple of 49?
False
Is 18 a factor of 70074?
True
Is 24654 a multiple of 32?
False
Is 73 a factor of 11262?
False
Is 19 a factor of 3876?
True
Is 8 a factor of 62920?
True
Is 12 a factor of 811?
False
Does 33 divide 1155?
True
Does 14 divide 938?
True
Does 9 divide 2409?
False
Does 82 divide 2214?
True
Is 19 a factor of 273?
False
Is 240 a multiple of 40?
True
Is 640 a multiple of 8?
True
Is 18744 a multiple of 66?
True
Is 2616 a multiple of 19?
False
Does 30 divide 3215?
False
Is 13602 a multiple of 6?
True
Does 12 divide 23556?
True
Is 3864 a multiple of 24?
True
Does 13 divide 100373?
True
Does 26 divide 442?
True
Is 344 a multiple of 43?
True
Does 53 divide 5777?
True
Is 5 a factor of 284?
False
Is 1039 a multiple of 48?
False
Is 2880 a multiple of 10?
True
Is 4859 a multiple of 66?
False
Does 16 divide 480?
True
Is 3 a factor of 361?
False
Is 175 a multiple of 30?
False
Is 5304 a multiple of 13?
True
Is 3195 a multiple of 9?
True
Is 41 a multiple of 26?
False
Does 272 divide 84048?
True
Is 44556 a multiple of 188?
True
Is 12 a factor of 5424?
True
Is 252 a